{"id":1623,"date":"2025-10-01T09:19:20","date_gmt":"2025-10-01T09:19:20","guid":{"rendered":"https:\/\/www.atlantikfish.com\/?page_id=1623"},"modified":"2025-10-20T10:47:00","modified_gmt":"2025-10-20T10:47:00","slug":"projetos","status":"publish","type":"page","link":"https:\/\/www.atlantikfish.com\/?page_id=1623","title":{"rendered":"&#8211; PROJETOS &#8211;"},"content":{"rendered":"\t\t<div data-elementor-type=\"wp-page\" data-elementor-id=\"1623\" class=\"elementor elementor-1623\">\n\t\t\t\t\t\t<section class=\"elementor-section elementor-top-section elementor-element elementor-element-4f45b65b elementor-section-boxed elementor-section-height-default elementor-section-height-default\" data-id=\"4f45b65b\" data-element_type=\"section\" data-e-type=\"section\">\n\t\t\t\t\t\t<div class=\"elementor-container elementor-column-gap-default\">\n\t\t\t\t\t<div class=\"elementor-column elementor-col-100 elementor-top-column elementor-element elementor-element-44c792f1\" data-id=\"44c792f1\" data-element_type=\"column\" data-e-type=\"column\">\n\t\t\t<div class=\"elementor-widget-wrap elementor-element-populated\">\n\t\t\t\t\t\t<div class=\"elementor-element elementor-element-1212cf58 elementor-widget__width-initial elementor-widget elementor-widget-text-editor\" data-id=\"1212cf58\" data-element_type=\"widget\" data-e-type=\"widget\" data-widget_type=\"text-editor.default\">\n\t\t\t\t<div class=\"elementor-widget-container\">\n\t\t\t\t\t\t\t\t\t<p><span style=\"font-family: Roboto, sans-serif; font-size: 16px; font-style: normal;\"><b>Projeto SOFTCRAB&nbsp;<\/b><\/span><\/p>\n<p><span style=\"font-family: Roboto, sans-serif; font-size: 16px; font-style: normal; font-weight: 400;\">O projeto SOFTCRAB visa desenvolver a produ\u00e7\u00e3o sustent\u00e1vel de caranguejo de casca mole no Sul da Europa, atrav\u00e9s do cultivo controlado de caranguejos azuis e verdes at\u00e9 ao momento da muda da carapa\u00e7a. Esta fase permite obter um produto de elevado valor comercial e gastron\u00f3mico.<br><\/span><span style=\"font-family: Roboto, sans-serif; font-size: 16px; font-style: normal; font-weight: 400;\">A Atlantik Fish aderiu ao projeto, refor\u00e7ando o seu compromisso com a inova\u00e7\u00e3o na aquacultura.<\/span><\/p>\n<p><a href=\"https:\/\/www.atlantikfish.com\/wp-content\/uploads\/2025\/10\/Projeto-SOFTCRAB-\u2013-Inovar-na-producao-de-caranguejo-para-consumo-no-Sul-da-Europa.pdf\">Projeto SOFTCRAB \u2013 Inovar na produ\u00e7\u00e3o de caranguejo para consumo no Sul da Europa<\/a><\/p><p><a href=\"https:\/\/www.atlantikfish.com\/?attachment_id=1732\" rel=\"attachment wp-att-1732\" style=\"font-size: 14px; letter-spacing: 0px;\"><img decoding=\"async\" class=\"wp-image-1732 alignleft\" src=\"https:\/\/www.atlantikfish.com\/wp-content\/uploads\/2025\/10\/softcrab.png\" alt=\"\" width=\"215\" height=\"199\"><\/a><\/p>\t\t\t\t\t\t\t\t<\/div>\n\t\t\t\t<\/div>\n\t\t\t\t\t<\/div>\n\t\t<\/div>\n\t\t\t\t\t<\/div>\n\t\t<\/section>\n\t\t\t\t<\/div>\n\t\t","protected":false},"excerpt":{"rendered":"<p>Projeto SOFTCRAB&nbsp; O projeto SOFTCRAB visa desenvolver a produ\u00e7\u00e3o sustent\u00e1vel de caranguejo de casca mole no Sul da Europa, atrav\u00e9s [&hellip;]<\/p>\n","protected":false},"author":1,"featured_media":0,"parent":0,"menu_order":0,"comment_status":"closed","ping_status":"closed","template":"","meta":{"_uag_custom_page_level_css":"","_monsterinsights_skip_tracking":false,"_monsterinsights_sitenote_active":false,"_monsterinsights_sitenote_note":"","_monsterinsights_sitenote_category":0,"cybocfi_hide_featured_image":"","_vp_format_video_url":"","_vp_image_focal_point":[],"footnotes":""},"class_list":["post-1623","page","type-page","status-publish","hentry"],"uagb_featured_image_src":{"full":false,"thumbnail":false,"medium":false,"medium_large":false,"large":false,"1536x1536":false,"2048x2048":false,"vp_sm":false,"vp_md":false,"vp_lg":false,"vp_xl":false,"vp_sm_popup":false,"vp_md_popup":false,"vp_xl_popup":false,"flash-square":false,"flash-big":false,"flash-grid":false,"sow-carousel-default":false},"uagb_author_info":{"display_name":"Admin_AF","author_link":"https:\/\/www.atlantikfish.com\/?author=1"},"uagb_comment_info":0,"uagb_excerpt":"Projeto SOFTCRAB&nbsp; O projeto SOFTCRAB visa desenvolver a produ\u00e7\u00e3o sustent\u00e1vel de caranguejo de casca mole no Sul da Europa, atrav\u00e9s [&hellip;]","_links":{"self":[{"href":"https:\/\/www.atlantikfish.com\/index.php?rest_route=\/wp\/v2\/pages\/1623","targetHints":{"allow":["GET"]}}],"collection":[{"href":"https:\/\/www.atlantikfish.com\/index.php?rest_route=\/wp\/v2\/pages"}],"about":[{"href":"https:\/\/www.atlantikfish.com\/index.php?rest_route=\/wp\/v2\/types\/page"}],"author":[{"embeddable":true,"href":"https:\/\/www.atlantikfish.com\/index.php?rest_route=\/wp\/v2\/users\/1"}],"replies":[{"embeddable":true,"href":"https:\/\/www.atlantikfish.com\/index.php?rest_route=%2Fwp%2Fv2%2Fcomments&post=1623"}],"version-history":[{"count":20,"href":"https:\/\/www.atlantikfish.com\/index.php?rest_route=\/wp\/v2\/pages\/1623\/revisions"}],"predecessor-version":[{"id":1738,"href":"https:\/\/www.atlantikfish.com\/index.php?rest_route=\/wp\/v2\/pages\/1623\/revisions\/1738"}],"wp:attachment":[{"href":"https:\/\/www.atlantikfish.com\/index.php?rest_route=%2Fwp%2Fv2%2Fmedia&parent=1623"}],"curies":[{"name":"wp","href":"https:\/\/api.w.org\/{rel}","templated":true}]}}