{"id":3,"date":"2019-01-15T13:58:19","date_gmt":"2019-01-15T13:58:19","guid":{"rendered":"https:\/\/www.atlantikfish.com\/?page_id=3"},"modified":"2021-04-19T15:50:50","modified_gmt":"2021-04-19T15:50:50","slug":"politica-privacidade","status":"publish","type":"page","link":"https:\/\/www.atlantikfish.com\/?page_id=3","title":{"rendered":"&#8211; POL\u00cdTICA DE PRIVACIDADE &#8211;"},"content":{"rendered":"\n<div class=\"wp-block-uagb-advanced-heading uagb-block-09e40d6c\"><h5 class=\"uagb-heading-text\"> <br>A presente Pol\u00edtica de Privacidade faz parte integrante dos Termos de Utiliza\u00e7\u00e3o deste website e regula a recolha e tratamento dos dados, de acordo com o Regulamento Geral sobre a Prote\u00e7\u00e3o de Dados \u2013 &#8220;RGPD&#8221; e restante legisla\u00e7\u00e3o de prote\u00e7\u00e3o de dados pessoais.  <\/h5><div class=\"uagb-separator-wrap\"><div class=\"uagb-separator\"><\/div><\/div><p class=\"uagb-desc-text\"> <\/p><\/div>\n\n\n\n<p class=\"has-text-align-center has-normal-font-size\">\n\nA presente Pol\u00edtica de Privacidade aplica-se aos dados pessoais dos nossos Clientes, Fornecedores e Parceiros.\n\n<\/p>\n\n\n<div\n\t\t\t\n\t\t\tclass=\"so-widget-sow-accordion so-widget-sow-accordion-default-299c00c62479\"\n\t\t\t\n\t\t><div>\n\t<div class=\"sow-accordion\">\n\t\t\t<div class=\"sow-accordion-panel\n\t\t\t\t\t\"\n\t\t\t\tdata-anchor-id=\"1-dados-pessoais\">\n\t\t\t\t\t<div class=\"sow-accordion-panel-header-container\" role=\"heading\" aria-level=\"2\">\n\t\t\t\t\t<div class=\"sow-accordion-panel-header\" tabindex=\"0\" role=\"button\" id=\"accordion-label-1-dados-pessoais\" aria-controls=\"accordion-content-1-dados-pessoais\" aria-expanded=\"false\">\n\t\t\t\t\t\t<div class=\"sow-accordion-title sow-accordion-title-icon-left\">\n\t\t\t\t\t\t\t\t\t\t\t\t\t\t1. Dados Pessoais\t\t\t\t\t\t\t\t\t\t\t\t\t<\/div>\n\t\t\t\t\t\t<div class=\"sow-accordion-open-close-button\">\n\t\t\t\t\t\t\t<div class=\"sow-accordion-open-button\">\n\t\t\t\t\t\t\t\t<span class=\"sow-icon-ionicons\" data-sow-icon=\"&#xf218;\"\n\t\t \n\t\taria-hidden=\"true\"><\/span>\t\t\t\t\t\t\t<\/div>\n\t\t\t\t\t\t\t<div class=\"sow-accordion-close-button\">\n\t\t\t\t\t\t\t\t<span class=\"sow-icon-ionicons\" data-sow-icon=\"&#xf209;\"\n\t\t \n\t\taria-hidden=\"true\"><\/span>\t\t\t\t\t\t\t<\/div>\n\t\t\t\t\t\t<\/div>\n\t\t\t\t\t<\/div>\n\t\t\t\t<\/div>\n\n\t\t\t<div\n\t\t\t\tclass=\"sow-accordion-panel-content\"\n\t\t\t\trole=\"region\"\n\t\t\t\taria-labelledby=\"accordion-label-1-dados-pessoais\"\n\t\t\t\tid=\"accordion-content-1-dados-pessoais\"\n\t\t\t\tstyle=\"display: none;\"\t\t\t>\n\t\t\t\t<div class=\"sow-accordion-panel-border\">\n\t\t\t\t\t<p>Dados pessoais s\u00e3o todas as informa\u00e7\u00f5es pessoais relativas a uma pessoa singular identificada ou identific\u00e1vel, o titular dos dados.<\/p>\n\t\t\t\t<\/div>\n\t\t\t<\/div>\n\t\t<\/div>\n\t\t\t<div class=\"sow-accordion-panel\n\t\t\t\t\t\"\n\t\t\t\tdata-anchor-id=\"2-responsavel-pelo-tratamento-de-dados-pessoais\">\n\t\t\t\t\t<div class=\"sow-accordion-panel-header-container\" role=\"heading\" aria-level=\"2\">\n\t\t\t\t\t<div class=\"sow-accordion-panel-header\" tabindex=\"0\" role=\"button\" id=\"accordion-label-2-respons%c3%a1vel-pelo-tratamento-de-dados-pessoais\" aria-controls=\"accordion-content-2-respons%c3%a1vel-pelo-tratamento-de-dados-pessoais\" aria-expanded=\"false\">\n\t\t\t\t\t\t<div class=\"sow-accordion-title sow-accordion-title-icon-left\">\n\t\t\t\t\t\t\t\t\t\t\t\t\t\t2. Respons\u00e1vel pelo tratamento de dados pessoais\t\t\t\t\t\t\t\t\t\t\t\t\t<\/div>\n\t\t\t\t\t\t<div class=\"sow-accordion-open-close-button\">\n\t\t\t\t\t\t\t<div class=\"sow-accordion-open-button\">\n\t\t\t\t\t\t\t\t<span class=\"sow-icon-ionicons\" data-sow-icon=\"&#xf218;\"\n\t\t \n\t\taria-hidden=\"true\"><\/span>\t\t\t\t\t\t\t<\/div>\n\t\t\t\t\t\t\t<div class=\"sow-accordion-close-button\">\n\t\t\t\t\t\t\t\t<span class=\"sow-icon-ionicons\" data-sow-icon=\"&#xf209;\"\n\t\t \n\t\taria-hidden=\"true\"><\/span>\t\t\t\t\t\t\t<\/div>\n\t\t\t\t\t\t<\/div>\n\t\t\t\t\t<\/div>\n\t\t\t\t<\/div>\n\n\t\t\t<div\n\t\t\t\tclass=\"sow-accordion-panel-content\"\n\t\t\t\trole=\"region\"\n\t\t\t\taria-labelledby=\"accordion-label-2-respons%c3%a1vel-pelo-tratamento-de-dados-pessoais\"\n\t\t\t\tid=\"accordion-content-2-respons%c3%a1vel-pelo-tratamento-de-dados-pessoais\"\n\t\t\t\tstyle=\"display: none;\"\t\t\t>\n\t\t\t\t<div class=\"sow-accordion-panel-border\">\n\t\t\t\t\t<p>A empresa Atlantik Fish, Lda \u00e9 a entidade respons\u00e1vel pelo tratamento dos dados. A Atlantik Fish, Lda. tem por objeto a produ\u00e7\u00e3o, captura, comercializa\u00e7\u00e3o e tratamento industrial de peixes, moluscos, bivalves, algas e outros produtos e sub-produtos derivados do mar.<\/p>\n<p>PISCICULTURA<br \/>Esteiro da Lez\u00edria<br \/>8950 Castro Marim<br \/>Algarve &#8211; Portugal<\/p>\n<p>ESCRIT\u00d3RIO<br \/>Rua Aboim Ascens\u00e3o, n\u00ba 34, 4\u00ba<br \/>8000-198 Faro<br \/>Algarve &#8211; Portugal<\/p>\n<p>A Atlantik Fish, Lda. garante aos utilizadores deste site (\u201cUtilizadores\u201d) o respeito pela sua privacidade, adotando as medidas necess\u00e1rias para proteger os seus dados pessoais.<\/p>\n\t\t\t\t<\/div>\n\t\t\t<\/div>\n\t\t<\/div>\n\t\t\t<div class=\"sow-accordion-panel\n\t\t\t\t\t\"\n\t\t\t\tdata-anchor-id=\"3-recolha-origem-finalidade-e-periodo-de-conservacao-de-dados-pessoais\">\n\t\t\t\t\t<div class=\"sow-accordion-panel-header-container\" role=\"heading\" aria-level=\"2\">\n\t\t\t\t\t<div class=\"sow-accordion-panel-header\" tabindex=\"0\" role=\"button\" id=\"accordion-label-3-recolha-origem-finalidade-e-per%c3%adodo-de-conserva%c3%a7%c3%a3o-de-dados-pessoais\" aria-controls=\"accordion-content-3-recolha-origem-finalidade-e-per%c3%adodo-de-conserva%c3%a7%c3%a3o-de-dados-pessoais\" aria-expanded=\"false\">\n\t\t\t\t\t\t<div class=\"sow-accordion-title sow-accordion-title-icon-left\">\n\t\t\t\t\t\t\t\t\t\t\t\t\t\t3. Recolha, origem, finalidade e per\u00edodo de conserva\u00e7\u00e3o de dados pessoais\t\t\t\t\t\t\t\t\t\t\t\t\t<\/div>\n\t\t\t\t\t\t<div class=\"sow-accordion-open-close-button\">\n\t\t\t\t\t\t\t<div class=\"sow-accordion-open-button\">\n\t\t\t\t\t\t\t\t<span class=\"sow-icon-ionicons\" data-sow-icon=\"&#xf218;\"\n\t\t \n\t\taria-hidden=\"true\"><\/span>\t\t\t\t\t\t\t<\/div>\n\t\t\t\t\t\t\t<div class=\"sow-accordion-close-button\">\n\t\t\t\t\t\t\t\t<span class=\"sow-icon-ionicons\" data-sow-icon=\"&#xf209;\"\n\t\t \n\t\taria-hidden=\"true\"><\/span>\t\t\t\t\t\t\t<\/div>\n\t\t\t\t\t\t<\/div>\n\t\t\t\t\t<\/div>\n\t\t\t\t<\/div>\n\n\t\t\t<div\n\t\t\t\tclass=\"sow-accordion-panel-content\"\n\t\t\t\trole=\"region\"\n\t\t\t\taria-labelledby=\"accordion-label-3-recolha-origem-finalidade-e-per%c3%adodo-de-conserva%c3%a7%c3%a3o-de-dados-pessoais\"\n\t\t\t\tid=\"accordion-content-3-recolha-origem-finalidade-e-per%c3%adodo-de-conserva%c3%a7%c3%a3o-de-dados-pessoais\"\n\t\t\t\tstyle=\"display: none;\"\t\t\t>\n\t\t\t\t<div class=\"sow-accordion-panel-border\">\n\t\t\t\t\t<p>A Atlantik Fish Lda trata os dados pessoais recebidos no \u00e2mbito da rela\u00e7\u00e3o comercial e\/ou de parceira com clientes, fornecedores ou parceiros, em conformidade com a legisla\u00e7\u00e3o nacional e comunit\u00e1ria em vigor, nomeadamente com o Regulamento UE 2016\/679 (Regulamento Geral de Prote\u00e7\u00e3o de Dados), implementando as medidas necess\u00e1rias para garantir a confidencialidade, integridade e disponibilidade dos dados pessoais, de forma a evitar a perda, mau uso, altera\u00e7\u00e3o e acesso n\u00e3o autorizado aos mesmos. Os dados pessoais recolhidos n\u00e3o s\u00e3o transferidos a terceiros ou tratados com qualquer outra finalidade para al\u00e9m estritamente necess\u00e1ria para o cumprimento do acordado com os seus clientes, fornecedores ou parceiros.<\/p>\n<p><u>Recolha de dados online<br \/><\/u>A utiliza\u00e7\u00e3o e navega\u00e7\u00e3o no site n\u00e3o obriga \u00e0 disponibiliza\u00e7\u00e3o de qualquer dado pessoal que identifique o Utilizador. No entanto, a utiliza\u00e7\u00e3o de determinados conte\u00fados ou servi\u00e7os, como o preenchimento de formul\u00e1rios online, implica a disponibiliza\u00e7\u00e3o pelos Utilizadores de dados pessoais, nomeadamente nome, e-mail, telefone e assunto.<\/p>\n<p>Os dados referidos s\u00e3o de fornecimento obrigat\u00f3rio, de forma a permitir a resposta adequada ao pedido de informa\u00e7\u00e3o solicitado pelo Utilizador.<\/p>\n<p>No formul\u00e1rio \u00e9 ainda disponibilizado um campo aberto onde poder\u00e1 inserir a descri\u00e7\u00e3o relativa ao assunto e\/ou outros dados pessoais, que o Utilizador entenda ser pertinente com vista a providenciarmos a melhor resposta ao pedido apresentado.<\/p>\n<p>A finalidade do tratamento de dados pessoais no \u00e2mbito do site, ser\u00e1 a gest\u00e3o de contactos com os Utilizadores, de forma a dar resposta aos pedidos de informa\u00e7\u00e3o ou outros coment\u00e1rios e\/ou sugest\u00f5es.<\/p>\n<p>Os dados pessoais recolhidos ser\u00e3o conservados de forma a permitir a identifica\u00e7\u00e3o do Utilizador. O per\u00edodo de tempo durante o qual os dados s\u00e3o armazenados e conservados varia de acordo com a finalidade para a qual a informa\u00e7\u00e3o \u00e9 utilizada. Existem, no entanto, requisitos legais que obrigam a conservar os dados por um determinado per\u00edodo de tempo. Assim, e sempre que n\u00e3o exista uma exig\u00eancia legal espec\u00edfica, os dados ser\u00e3o armazenados e conservados apenas pelo per\u00edodo necess\u00e1rio para as finalidades para as quais foram recolhidos.<\/p>\n<p>A Atlantik Fish, Lda assume que os dados recolhidos foram inseridos pelo respetivo titular ou que a sua ced\u00eancia foi autorizada pelo mesmo, sendo os dados pessoais apresentados s\u00e3o verdadeiros e exatos.<\/p>\n\t\t\t\t<\/div>\n\t\t\t<\/div>\n\t\t<\/div>\n\t\t\t<div class=\"sow-accordion-panel\n\t\t\t\t\t\"\n\t\t\t\tdata-anchor-id=\"4-direitos-do-titular\">\n\t\t\t\t\t<div class=\"sow-accordion-panel-header-container\" role=\"heading\" aria-level=\"2\">\n\t\t\t\t\t<div class=\"sow-accordion-panel-header\" tabindex=\"0\" role=\"button\" id=\"accordion-label-4-direitos-do-titular\" aria-controls=\"accordion-content-4-direitos-do-titular\" aria-expanded=\"false\">\n\t\t\t\t\t\t<div class=\"sow-accordion-title sow-accordion-title-icon-left\">\n\t\t\t\t\t\t\t\t\t\t\t\t\t\t4. Direitos do Titular\t\t\t\t\t\t\t\t\t\t\t\t\t<\/div>\n\t\t\t\t\t\t<div class=\"sow-accordion-open-close-button\">\n\t\t\t\t\t\t\t<div class=\"sow-accordion-open-button\">\n\t\t\t\t\t\t\t\t<span class=\"sow-icon-ionicons\" data-sow-icon=\"&#xf218;\"\n\t\t \n\t\taria-hidden=\"true\"><\/span>\t\t\t\t\t\t\t<\/div>\n\t\t\t\t\t\t\t<div class=\"sow-accordion-close-button\">\n\t\t\t\t\t\t\t\t<span class=\"sow-icon-ionicons\" data-sow-icon=\"&#xf209;\"\n\t\t \n\t\taria-hidden=\"true\"><\/span>\t\t\t\t\t\t\t<\/div>\n\t\t\t\t\t\t<\/div>\n\t\t\t\t\t<\/div>\n\t\t\t\t<\/div>\n\n\t\t\t<div\n\t\t\t\tclass=\"sow-accordion-panel-content\"\n\t\t\t\trole=\"region\"\n\t\t\t\taria-labelledby=\"accordion-label-4-direitos-do-titular\"\n\t\t\t\tid=\"accordion-content-4-direitos-do-titular\"\n\t\t\t\tstyle=\"display: none;\"\t\t\t>\n\t\t\t\t<div class=\"sow-accordion-panel-border\">\n\t\t\t\t\t<p>Nos termos da legisla\u00e7\u00e3o aplic\u00e1vel, \u00e9 poss\u00edvel solicitar, a qualquer momento, o acesso aos seus dados pessoais, bem como a sua retifica\u00e7\u00e3o, elimina\u00e7\u00e3o ou a limita\u00e7\u00e3o do seu tratamento, a portabilidade dos seus dados, ou opor-se ao seu tratamento (com exce\u00e7\u00e3o dos dados estritamente necess\u00e1rios para a presta\u00e7\u00e3o do servi\u00e7o).<\/p>\n<p>Caso pretenda exercer estes direitos ou tenha qualquer quest\u00e3o relacionada com o tratamento dos seus dados pessoais, poder\u00e1 faz\u00ea-lo mediante pedido por escrito dirigido \u00e0 Atlantik Fish, Lda., Rua Aboim Ascens\u00e3o, n\u00ba 34, 4\u00ba, 8000-198 Faro ou pelo e-mail:\u00a0<a href=\"mailto:atlantikfish@limacabrita.pt\">atlantikfish@limacabrita.pt<\/a>.<\/p>\n<p>Sem preju\u00edzo de qualquer outra via de recurso administrativo ou judicial, o Utilizador tem direito a apresentar reclama\u00e7\u00e3o \u00e0 Comiss\u00e3o Nacional de Prote\u00e7\u00e3o de Dados ou a outra autoridade de controlo competente nos termos da lei, caso entenda que o tratamento dos seus dados viola o regime legal em vigor.<\/p>\n\t\t\t\t<\/div>\n\t\t\t<\/div>\n\t\t<\/div>\n\t\t\t<div class=\"sow-accordion-panel\n\t\t\t\t\t\"\n\t\t\t\tdata-anchor-id=\"5-medidas-de-seguranca\">\n\t\t\t\t\t<div class=\"sow-accordion-panel-header-container\" role=\"heading\" aria-level=\"2\">\n\t\t\t\t\t<div class=\"sow-accordion-panel-header\" tabindex=\"0\" role=\"button\" id=\"accordion-label-5-medidas-de-seguran%c3%a7a\" aria-controls=\"accordion-content-5-medidas-de-seguran%c3%a7a\" aria-expanded=\"false\">\n\t\t\t\t\t\t<div class=\"sow-accordion-title sow-accordion-title-icon-left\">\n\t\t\t\t\t\t\t\t\t\t\t\t\t\t5. Medidas de Seguran\u00e7a\t\t\t\t\t\t\t\t\t\t\t\t\t<\/div>\n\t\t\t\t\t\t<div class=\"sow-accordion-open-close-button\">\n\t\t\t\t\t\t\t<div class=\"sow-accordion-open-button\">\n\t\t\t\t\t\t\t\t<span class=\"sow-icon-ionicons\" data-sow-icon=\"&#xf218;\"\n\t\t \n\t\taria-hidden=\"true\"><\/span>\t\t\t\t\t\t\t<\/div>\n\t\t\t\t\t\t\t<div class=\"sow-accordion-close-button\">\n\t\t\t\t\t\t\t\t<span class=\"sow-icon-ionicons\" data-sow-icon=\"&#xf209;\"\n\t\t \n\t\taria-hidden=\"true\"><\/span>\t\t\t\t\t\t\t<\/div>\n\t\t\t\t\t\t<\/div>\n\t\t\t\t\t<\/div>\n\t\t\t\t<\/div>\n\n\t\t\t<div\n\t\t\t\tclass=\"sow-accordion-panel-content\"\n\t\t\t\trole=\"region\"\n\t\t\t\taria-labelledby=\"accordion-label-5-medidas-de-seguran%c3%a7a\"\n\t\t\t\tid=\"accordion-content-5-medidas-de-seguran%c3%a7a\"\n\t\t\t\tstyle=\"display: none;\"\t\t\t>\n\t\t\t\t<div class=\"sow-accordion-panel-border\">\n\t\t\t\t\t<p>A Atlantik Fish, Lda., disp\u00f5e de sistemas e pessoal t\u00e9cnico especializado com vista a garantir a seguran\u00e7a dos dados pessoais tratados, criando e atualizando procedimentos que previnam acessos n\u00e3o autorizados dos dados pessoais, uso impr\u00f3prio, divulga\u00e7\u00e3o, perda ou destrui\u00e7\u00e3o acidental<\/p>\n<p>Para o efeito desenvolvemos ainda regras e outros procedimentos, tais como:<\/p>\n<p>&#8211; prote\u00e7\u00e3o f\u00edsica nos locais<br \/>&#8211; procedimentos de circula\u00e7\u00e3o da informa\u00e7\u00e3o<br \/>&#8211; gest\u00e3o de acesso &#8211; pessoas autorizadas<br \/>&#8211; palavra-passe<br \/>&#8211; cl\u00e1usulas de confidencialidade para os profissionais<br \/>&#8211; crit\u00e9rio de contrata\u00e7\u00e3o de fornecedores cumpridores do RGPD<\/p>\n<p>No que se refere ao fornecimento de dados pessoais via site, consideramos ainda que \u00e9 da responsabilidade do Utilizador garantir e assegurar que o computador que o seu computador encontra-se adequadamente protegido contra softwares nocivos, v\u00edrus inform\u00e1ticos e worms, com vista a acautelar o risco dos dados pessoais e passwords serem acedidos por terceiros n\u00e3o autorizados.<\/p>\n\t\t\t\t<\/div>\n\t\t\t<\/div>\n\t\t<\/div>\n\t\t\t<div class=\"sow-accordion-panel\n\t\t\t\t\t\"\n\t\t\t\tdata-anchor-id=\"6-cookies\">\n\t\t\t\t\t<div class=\"sow-accordion-panel-header-container\" role=\"heading\" aria-level=\"2\">\n\t\t\t\t\t<div class=\"sow-accordion-panel-header\" tabindex=\"0\" role=\"button\" id=\"accordion-label-6-cookies\" aria-controls=\"accordion-content-6-cookies\" aria-expanded=\"false\">\n\t\t\t\t\t\t<div class=\"sow-accordion-title sow-accordion-title-icon-left\">\n\t\t\t\t\t\t\t\t\t\t\t\t\t\t6. Cookies\t\t\t\t\t\t\t\t\t\t\t\t\t<\/div>\n\t\t\t\t\t\t<div class=\"sow-accordion-open-close-button\">\n\t\t\t\t\t\t\t<div class=\"sow-accordion-open-button\">\n\t\t\t\t\t\t\t\t<span class=\"sow-icon-ionicons\" data-sow-icon=\"&#xf218;\"\n\t\t \n\t\taria-hidden=\"true\"><\/span>\t\t\t\t\t\t\t<\/div>\n\t\t\t\t\t\t\t<div class=\"sow-accordion-close-button\">\n\t\t\t\t\t\t\t\t<span class=\"sow-icon-ionicons\" data-sow-icon=\"&#xf209;\"\n\t\t \n\t\taria-hidden=\"true\"><\/span>\t\t\t\t\t\t\t<\/div>\n\t\t\t\t\t\t<\/div>\n\t\t\t\t\t<\/div>\n\t\t\t\t<\/div>\n\n\t\t\t<div\n\t\t\t\tclass=\"sow-accordion-panel-content\"\n\t\t\t\trole=\"region\"\n\t\t\t\taria-labelledby=\"accordion-label-6-cookies\"\n\t\t\t\tid=\"accordion-content-6-cookies\"\n\t\t\t\tstyle=\"display: none;\"\t\t\t>\n\t\t\t\t<div class=\"sow-accordion-panel-border\">\n\t\t\t\t\t<p>O cookie \u00e9 um pequeno ficheiro de informa\u00e7\u00e3o que \u00e9 colocado automaticamente nos computadores\/dispositivos m\u00f3veis dos Utilizadores quando estes acedem a sites.<\/p>\n<p>Poder\u00e3o ser utilizados cookies de forma a oferecer uma experi\u00eancia de utiliza\u00e7\u00e3o adequada ao Utilizador. O processo de recolha de elementos atrav\u00e9s dos cookies \u00e9 efetuado de acordo com os procedimentos e pr\u00e1ticas de seguran\u00e7a padronizados neste tipo de ferramentas.<\/p>\n<p>Al\u00e9m destes cookies, espec\u00edficos ao nosso site, poder\u00e3o ser utilizados cookies do Google Analytics que t\u00eam como objetivo registar dados estat\u00edsticos relativos ao fluxo de visitas e suas caracter\u00edsticas. Os cookies definidos pelo Google Analytics enviam dados somente para o servidor onde est\u00e1 instalado o dom\u00ednio, o que os torna propriedade desse dom\u00ednio. Estes dados n\u00e3o podem ser alterados ou recuperados por nenhum servi\u00e7o ou por outro dom\u00ednio. A informa\u00e7\u00e3o obtida atrav\u00e9s destes meios n\u00e3o permite estabelecer qualquer relacionamento ao n\u00edvel do endere\u00e7o de IP dos utilizadores com o prop\u00f3sito de verificar dados pessoais.\u00a0Consulta de informa\u00e7\u00f5es adicionais sobre a recolha de dados pelo Google Analytics em\u00a0<a href=\"http:\/\/www.google.com\/policies\/privacy\/partners\" target=\"_blank\" rel=\"noopener\">www.google.com\/policies\/privacy\/partners<\/a>\/.<\/p>\n<p>A maioria dos programas de navega\u00e7\u00e3o est\u00e1 definida para aceitar cookies, embora seja poss\u00edvel configurar o navegador para recusar todos os cookies, ou para indicar quando um cookie est\u00e1 a ser enviado. O Utilizador pode configurar o seu browser para informar sempre que um cookie \u00e9 recebido ou mesmo desativar a sua aceita\u00e7\u00e3o, no entanto, alertamos que isso poder\u00e1 afetar, parcialmente, a utiliza\u00e7\u00e3o de alguma das funcionalidades do site, n\u00e3o tendo uma navega\u00e7\u00e3o melhorada e personalizada.<\/p>\n<p>Para mais informa\u00e7\u00e3o sobre as cookies utilizadas neste site, por favor consulte a nossa <a href=\"https:\/\/www.atlantikfish.com\/?page_id=1484\">Pol\u00edtica de Cookies<\/a>.<\/p>\n\t\t\t\t<\/div>\n\t\t\t<\/div>\n\t\t<\/div>\n\t\t\t<div class=\"sow-accordion-panel\n\t\t\t\t\t\"\n\t\t\t\tdata-anchor-id=\"7-alteracoes-a-politica-de-protecao-de-dados-pessoais\">\n\t\t\t\t\t<div class=\"sow-accordion-panel-header-container\" role=\"heading\" aria-level=\"2\">\n\t\t\t\t\t<div class=\"sow-accordion-panel-header\" tabindex=\"0\" role=\"button\" id=\"accordion-label-7-altera%c3%a7%c3%b5es-%c3%a0-pol%c3%adtica-de-prote%c3%a7%c3%a3o-de-dados-pessoais\" aria-controls=\"accordion-content-7-altera%c3%a7%c3%b5es-%c3%a0-pol%c3%adtica-de-prote%c3%a7%c3%a3o-de-dados-pessoais\" aria-expanded=\"false\">\n\t\t\t\t\t\t<div class=\"sow-accordion-title sow-accordion-title-icon-left\">\n\t\t\t\t\t\t\t\t\t\t\t\t\t\t7. Altera\u00e7\u00f5es \u00e0 Pol\u00edtica de Prote\u00e7\u00e3o de Dados Pessoais\t\t\t\t\t\t\t\t\t\t\t\t\t<\/div>\n\t\t\t\t\t\t<div class=\"sow-accordion-open-close-button\">\n\t\t\t\t\t\t\t<div class=\"sow-accordion-open-button\">\n\t\t\t\t\t\t\t\t<span class=\"sow-icon-ionicons\" data-sow-icon=\"&#xf218;\"\n\t\t \n\t\taria-hidden=\"true\"><\/span>\t\t\t\t\t\t\t<\/div>\n\t\t\t\t\t\t\t<div class=\"sow-accordion-close-button\">\n\t\t\t\t\t\t\t\t<span class=\"sow-icon-ionicons\" data-sow-icon=\"&#xf209;\"\n\t\t \n\t\taria-hidden=\"true\"><\/span>\t\t\t\t\t\t\t<\/div>\n\t\t\t\t\t\t<\/div>\n\t\t\t\t\t<\/div>\n\t\t\t\t<\/div>\n\n\t\t\t<div\n\t\t\t\tclass=\"sow-accordion-panel-content\"\n\t\t\t\trole=\"region\"\n\t\t\t\taria-labelledby=\"accordion-label-7-altera%c3%a7%c3%b5es-%c3%a0-pol%c3%adtica-de-prote%c3%a7%c3%a3o-de-dados-pessoais\"\n\t\t\t\tid=\"accordion-content-7-altera%c3%a7%c3%b5es-%c3%a0-pol%c3%adtica-de-prote%c3%a7%c3%a3o-de-dados-pessoais\"\n\t\t\t\tstyle=\"display: none;\"\t\t\t>\n\t\t\t\t<div class=\"sow-accordion-panel-border\">\n\t\t\t\t\t<p>Esta pol\u00edtica pode ser modificada, completada e atualizada para cumprir com quaisquer modifica\u00e7\u00f5es dos servi\u00e7os prestados pela Atlantik Fish, Lda. ou para se adaptar a evolu\u00e7\u00e3o legal, regulamentar e tecnol\u00f3gica que possa afetar a \u00e1rea da prote\u00e7\u00e3o dos dados pessoais, a todo o momento, sem aviso pr\u00e9vio e com efeitos imediatos.<\/p>\n<p>Quaisquer altera\u00e7\u00f5es ser\u00e3o imediatamente divulgadas nesta mesma p\u00e1gina online.<\/p>\n\t\t\t\t<\/div>\n\t\t\t<\/div>\n\t\t<\/div>\n\t\t\t<div class=\"sow-accordion-panel\n\t\t\t\t\t\"\n\t\t\t\tdata-anchor-id=\"8-informacao-ao-consumidor\">\n\t\t\t\t\t<div class=\"sow-accordion-panel-header-container\" role=\"heading\" aria-level=\"2\">\n\t\t\t\t\t<div class=\"sow-accordion-panel-header\" tabindex=\"0\" role=\"button\" id=\"accordion-label-8-informa%c3%a7%c3%a3o-ao-consumidor\" aria-controls=\"accordion-content-8-informa%c3%a7%c3%a3o-ao-consumidor\" aria-expanded=\"false\">\n\t\t\t\t\t\t<div class=\"sow-accordion-title sow-accordion-title-icon-left\">\n\t\t\t\t\t\t\t\t\t\t\t\t\t\t8. Informa\u00e7\u00e3o ao Consumidor\t\t\t\t\t\t\t\t\t\t\t\t\t<\/div>\n\t\t\t\t\t\t<div class=\"sow-accordion-open-close-button\">\n\t\t\t\t\t\t\t<div class=\"sow-accordion-open-button\">\n\t\t\t\t\t\t\t\t<span class=\"sow-icon-ionicons\" data-sow-icon=\"&#xf218;\"\n\t\t \n\t\taria-hidden=\"true\"><\/span>\t\t\t\t\t\t\t<\/div>\n\t\t\t\t\t\t\t<div class=\"sow-accordion-close-button\">\n\t\t\t\t\t\t\t\t<span class=\"sow-icon-ionicons\" data-sow-icon=\"&#xf209;\"\n\t\t \n\t\taria-hidden=\"true\"><\/span>\t\t\t\t\t\t\t<\/div>\n\t\t\t\t\t\t<\/div>\n\t\t\t\t\t<\/div>\n\t\t\t\t<\/div>\n\n\t\t\t<div\n\t\t\t\tclass=\"sow-accordion-panel-content\"\n\t\t\t\trole=\"region\"\n\t\t\t\taria-labelledby=\"accordion-label-8-informa%c3%a7%c3%a3o-ao-consumidor\"\n\t\t\t\tid=\"accordion-content-8-informa%c3%a7%c3%a3o-ao-consumidor\"\n\t\t\t\tstyle=\"display: none;\"\t\t\t>\n\t\t\t\t<div class=\"sow-accordion-panel-border\">\n\t\t\t\t\t<p>Ao abrigo do disposto no artigo 18.\u00ba da Lei n.\u00ba 144\/2015, em caso de lit\u00edgio o consumidor pode recorrer a uma Entidade de Resolu\u00e7\u00e3o Alternativa de Lit\u00edgios de consumo. Entidades de RAL dispon\u00edveis para contratos celebrados no distrito de Faro:<\/p>\n<p>CIMAAL &#8211; Centro de Informa\u00e7\u00e3o, Media\u00e7\u00e3o e Arbitragem de Conflitos de Consumo do Algarve.<br \/>Edif\u00edcio Ninho de Empresas, Estrada da Penha, 8005-131 Faro<br \/>Tel.: (+351) 289 823 135<br \/>E-mail:\u00a0<a href=\"mailto:apoio@consumidoronline.pt\">apoio@consumidoronline.pt<\/a>;\u00a0<a href=\"mailto:cimaal@mail.telepac.pt\">cimaal@mail.telepac.pt<\/a><br \/>Web:\u00a0<a href=\"http:\/\/www.consumidoronline.pt\/\">http:\/\/www.consumidoronline.pt\/<\/a><\/p>\n\t\t\t\t<\/div>\n\t\t\t<\/div>\n\t\t<\/div>\n\t\t<\/div>\n<\/div>\n<\/div>\n\n\n<p><\/p>\n","protected":false},"excerpt":{"rendered":"<p>A presente Pol\u00edtica de Privacidade faz parte integrante dos Termos de Utiliza\u00e7\u00e3o deste website e regula a recolha e tratamento [&hellip;]<\/p>\n","protected":false},"author":1,"featured_media":0,"parent":0,"menu_order":0,"comment_status":"closed","ping_status":"open","template":"","meta":{"_uag_custom_page_level_css":"","_monsterinsights_skip_tracking":false,"_monsterinsights_sitenote_active":false,"_monsterinsights_sitenote_note":"","_monsterinsights_sitenote_category":0,"cybocfi_hide_featured_image":"","_vp_format_video_url":"","_vp_image_focal_point":[],"footnotes":""},"class_list":["post-3","page","type-page","status-publish","hentry"],"uagb_featured_image_src":{"full":false,"thumbnail":false,"medium":false,"medium_large":false,"large":false,"1536x1536":false,"2048x2048":false,"vp_sm":false,"vp_md":false,"vp_lg":false,"vp_xl":false,"vp_sm_popup":false,"vp_md_popup":false,"vp_xl_popup":false,"flash-square":false,"flash-big":false,"flash-grid":false,"sow-carousel-default":false},"uagb_author_info":{"display_name":"Admin_AF","author_link":"https:\/\/www.atlantikfish.com\/?author=1"},"uagb_comment_info":0,"uagb_excerpt":"A presente Pol\u00edtica de Privacidade faz parte integrante dos Termos de Utiliza\u00e7\u00e3o deste website e regula a recolha e tratamento [&hellip;]","_links":{"self":[{"href":"https:\/\/www.atlantikfish.com\/index.php?rest_route=\/wp\/v2\/pages\/3","targetHints":{"allow":["GET"]}}],"collection":[{"href":"https:\/\/www.atlantikfish.com\/index.php?rest_route=\/wp\/v2\/pages"}],"about":[{"href":"https:\/\/www.atlantikfish.com\/index.php?rest_route=\/wp\/v2\/types\/page"}],"author":[{"embeddable":true,"href":"https:\/\/www.atlantikfish.com\/index.php?rest_route=\/wp\/v2\/users\/1"}],"replies":[{"embeddable":true,"href":"https:\/\/www.atlantikfish.com\/index.php?rest_route=%2Fwp%2Fv2%2Fcomments&post=3"}],"version-history":[{"count":16,"href":"https:\/\/www.atlantikfish.com\/index.php?rest_route=\/wp\/v2\/pages\/3\/revisions"}],"predecessor-version":[{"id":1486,"href":"https:\/\/www.atlantikfish.com\/index.php?rest_route=\/wp\/v2\/pages\/3\/revisions\/1486"}],"wp:attachment":[{"href":"https:\/\/www.atlantikfish.com\/index.php?rest_route=%2Fwp%2Fv2%2Fmedia&parent=3"}],"curies":[{"name":"wp","href":"https:\/\/api.w.org\/{rel}","templated":true}]}}