{"id":697,"date":"2019-01-17T18:02:33","date_gmt":"2019-01-17T18:02:33","guid":{"rendered":"https:\/\/www.atlantikfish.com\/?page_id=697"},"modified":"2019-04-26T13:24:59","modified_gmt":"2019-04-26T13:24:59","slug":"renovacao-da-agua","status":"publish","type":"page","link":"https:\/\/www.atlantikfish.com\/?page_id=697","title":{"rendered":"Renova\u00e7\u00e3o da \u00e1gua"},"content":{"rendered":"\n<div class=\"wp-block-image\"><figure class=\"aligncenter\"><img decoding=\"async\" width=\"200\" height=\"200\" src=\"https:\/\/www.atlantikfish.com\/wp-content\/uploads\/2019\/01\/dest3_200.png\" alt=\"mar\u00e9s\" class=\"wp-image-728\" srcset=\"https:\/\/www.atlantikfish.com\/wp-content\/uploads\/2019\/01\/dest3_200.png 200w, https:\/\/www.atlantikfish.com\/wp-content\/uploads\/2019\/01\/dest3_200-150x150.png 150w\" sizes=\"(max-width: 200px) 100vw, 200px\" \/><\/figure><\/div>\n\n\n\n<p class=\"has-normal-font-size\">A renova\u00e7\u00e3o das nossas \u00e1guas \u00e9 efetuada atrav\u00e9s da energia das mar\u00e9s, s\u00f3 assim o Pescado da Mar\u00e9\u00ae consegue ter as caracter\u00edsticas que o tornam igual ao peixe selvagem e reconhecido pela sua excel\u00eancia.<\/p>\n\n\n\n<p class=\"has-normal-font-size\">Outra caracter\u00edstica crucial para a qualidade das nossas Douradas e Robalos \u00e9 o reduzido n\u00famero de peixes por tanque, o que lhes permite ter espa\u00e7o para nadar, descansar e se alimentar livremente, o que confere \u00e0 carne uma maior consist\u00eancia, uma distribui\u00e7\u00e3o uniforme da gordura e a qualidade id\u00eantica aos peixes selvagens.<\/p>\n","protected":false},"excerpt":{"rendered":"<p>A renova\u00e7\u00e3o das nossas \u00e1guas \u00e9 efetuada atrav\u00e9s da energia das mar\u00e9s, s\u00f3 assim o Pescado da Mar\u00e9\u00ae consegue ter [&hellip;]<\/p>\n","protected":false},"author":1,"featured_media":0,"parent":0,"menu_order":0,"comment_status":"closed","ping_status":"closed","template":"","meta":{"_uag_custom_page_level_css":"","_monsterinsights_skip_tracking":false,"_monsterinsights_sitenote_active":false,"_monsterinsights_sitenote_note":"","_monsterinsights_sitenote_category":0,"cybocfi_hide_featured_image":"","_vp_format_video_url":"","_vp_image_focal_point":[],"footnotes":""},"class_list":["post-697","page","type-page","status-publish","hentry"],"uagb_featured_image_src":{"full":false,"thumbnail":false,"medium":false,"medium_large":false,"large":false,"1536x1536":false,"2048x2048":false,"vp_sm":false,"vp_md":false,"vp_lg":false,"vp_xl":false,"vp_sm_popup":false,"vp_md_popup":false,"vp_xl_popup":false,"flash-square":false,"flash-big":false,"flash-grid":false,"sow-carousel-default":false},"uagb_author_info":{"display_name":"Admin_AF","author_link":"https:\/\/www.atlantikfish.com\/?author=1"},"uagb_comment_info":0,"uagb_excerpt":"A renova\u00e7\u00e3o das nossas \u00e1guas \u00e9 efetuada atrav\u00e9s da energia das mar\u00e9s, s\u00f3 assim o Pescado da Mar\u00e9\u00ae consegue ter [&hellip;]","_links":{"self":[{"href":"https:\/\/www.atlantikfish.com\/index.php?rest_route=\/wp\/v2\/pages\/697","targetHints":{"allow":["GET"]}}],"collection":[{"href":"https:\/\/www.atlantikfish.com\/index.php?rest_route=\/wp\/v2\/pages"}],"about":[{"href":"https:\/\/www.atlantikfish.com\/index.php?rest_route=\/wp\/v2\/types\/page"}],"author":[{"embeddable":true,"href":"https:\/\/www.atlantikfish.com\/index.php?rest_route=\/wp\/v2\/users\/1"}],"replies":[{"embeddable":true,"href":"https:\/\/www.atlantikfish.com\/index.php?rest_route=%2Fwp%2Fv2%2Fcomments&post=697"}],"version-history":[{"count":3,"href":"https:\/\/www.atlantikfish.com\/index.php?rest_route=\/wp\/v2\/pages\/697\/revisions"}],"predecessor-version":[{"id":1301,"href":"https:\/\/www.atlantikfish.com\/index.php?rest_route=\/wp\/v2\/pages\/697\/revisions\/1301"}],"wp:attachment":[{"href":"https:\/\/www.atlantikfish.com\/index.php?rest_route=%2Fwp%2Fv2%2Fmedia&parent=697"}],"curies":[{"name":"wp","href":"https:\/\/api.w.org\/{rel}","templated":true}]}}